st the prime factors of 2486812.
2, 621703
List the prime factors of 5512326.
2, 3, 61, 15061
What are the prime factors of 7834672?
2, 53, 9239
List the prime factors of 761297.
761297
What are the prime factors of 11603950?
2, 5, 232079
What are the prime factors of 2054247?
3, 13, 52673
What are the prime factors of 1332195?
3, 5, 88813
List the prime factors of 159613.
17, 41, 229
What are the prime factors of 698922?
2, 3, 7, 43
List the prime factors of 3058401.
3, 1019467
What are the prime factors of 91481?
13, 31, 227
List the prime factors of 1020205.
5, 19, 10739
List the prime factors of 118368.
2, 3, 137
List the prime factors of 534400.
2, 5, 167
List the prime factors of 1338959.
29, 46171
List the prime factors of 318330.
2, 3, 5, 131
List the prime factors of 1258326.
2, 3, 53, 1319
List the prime factors of 76119.
3, 25373
What are the prime factors of 10285448?
2, 919, 1399
What are the prime factors of 1641439?
43, 59, 647
List the prime factors of 2060337.
3, 661, 1039
List the prime factors of 5515481.
29, 43, 4423
List the prime factors of 987714.
2, 3, 7, 13, 67
List the prime factors of 2466337.
67, 131, 281
What are the prime factors of 8215194?
2, 3, 13, 105323
What are the prime factors of 939257?
11, 103, 829
List the prime factors of 3500964.
2, 3, 79, 1231
What are the prime factors of 453881?
137, 3313
List the prime factors of 2604263.
2604263
List the prime factors of 2369505.
3, 5, 47, 3361
What are the prime factors of 329728?
2, 7, 23
List the prime factors of 1252598.
2, 37, 16927
What are the prime factors of 520887?
3, 173629
What are the prime factors of 4368892?
2, 11, 31, 3203
What are the prime factors of 6715?
5, 17, 79
What are the prime factors of 1161695?
5, 17, 79, 173
List the prime factors of 6060661.
23, 41, 6427
List the prime factors of 9037893.
3, 149, 20219
List the prime factors of 7705162.
2, 3852581
What are the prime factors of 6670110?
2, 3, 5, 222337
List the prime factors of 71336.
2, 37, 241
What are the prime factors of 34835?
5, 6967
What are the prime factors of 4165?
5, 7, 17
List the prime factors of 3691867.
211, 17497
List the prime factors of 82609.
82609
What are the prime factors of 328859?
47, 6997
What are the prime factors of 213898?
2, 106949
What are the prime factors of 342778?
2, 367, 467
What are the prime factors of 204530?
2, 5, 113, 181
What are the prime factors of 5915088?
2, 3, 41077
What are the prime factors of 7637046?
2, 3, 17, 74873
What are the prime factors of 3303323?
37, 73, 1223
List the prime factors of 347371.
563, 617
List the prime factors of 229524.
2, 3, 31, 617
What are the prime factors of 15525192?
2, 3, 646883
List the prime factors of 8664140.
2, 5, 433207
List the prime factors of 1224322.
2, 11, 19, 29, 101
List the prime factors of 259875.
3, 5, 7, 11
List the prime factors of 1479318.
2, 3, 373, 661
List the prime factors of 1689918.
2, 3, 281653
What are the prime factors of 752401?
13, 31, 1867
What are the prime factors of 301122?
2, 3, 16729
What are the prime factors of 11370217?
61, 186397
What are the prime factors of 1301263?
1019, 1277
List the prime factors of 10501219.
29, 31, 11681
What are the prime factors of 1458614?
2, 23, 37, 857
List the prime factors of 837281.
157, 5333
List the prime factors of 5153463.
3, 7, 61, 149
What are the prime factors of 7893558?
2, 3, 127, 1151
List the prime factors of 1249503.
3, 416501
List the prime factors of 2031281.
7, 290183
What are the prime factors of 11642781?
3, 3880927
What are the prime factors of 1227131?
1227131
What are the prime factors of 12334635?
3, 5, 274103
List the prime factors of 1495493.
47, 677
What are the prime factors of 16716?
2, 3, 7, 199
What are the prime factors of 4108174?
2, 7, 293441
What are the prime factors of 1347466?
2, 37, 131, 139
What are the prime factors of 12552?
2, 3, 523
List the prime factors of 1608242.
2, 37, 103, 211
What are the prime factors of 1139722?
2, 569861
List the prime factors of 242740.
2, 5, 53, 229
List the prime factors of 16887.
3, 13, 433
What are the prime factors of 32551?
43, 757
List the prime factors of 5576858.
2, 7, 398347
List the prime factors of 460699.
173, 2663
List the prime factors of 1619894.
2, 163, 4969
What are the prime factors of 3385392?
2, 3, 70529
List the prime factors of 6499322.
2, 59, 55079
List the prime factors of 916322.
2, 11, 41651
What are the prime factors of 725696?
2, 17, 23, 29
List the prime factors of 4039461.
3, 448829
What are the prime factors of 424151?
7, 13, 59, 79
List the prime factors of 298618.
2, 149309
List the prime factors of 2882990.
2, 5, 11, 26209
What are the prime factors of 35418910?
2, 5, 1451, 2441
List the prime factors of 3907313.
3907313
What are the prime factors of 15369997?
2357, 6521
List the prime factors of 1023749.
71, 14419
List the prime factors of 1160485.
5, 31, 7487
List the prime factors of 16289978.
2, 17, 67, 7151
What are the prime factors of 26135755?
5, 61, 85691
List the prime factors of 242898.
2, 3, 40483
What are the prime factors of 708738?
2, 3, 19, 6217
What are the prime factors of 563056?
2, 13, 2707
List the prime factors of 1374684.
2, 3, 97, 1181
List the prime factors of 100381.
37, 2713
List the prime factors of 3421447.
3421447
List the prime factors of 14453428.
2, 11, 263, 1249
What are the prime factors of 2014213?
2014213
List the prime factors of 1153571.
61, 18911
What are the prime factors of 356698?
2, 178349
What are the prime factors of 52501?
52501
List the prime factors of 225078.
2, 3, 7, 23, 233
What are the prime factors of 21260020?
2, 5, 1063001
What are the prime factors of 11580633?
3, 19, 67723
List the prime factors of 924714.
2, 3, 7, 41, 179
What are the prime factors of 238997?
11, 21727
What are the prime factors of 11551481?
11551481
What are the prime factors of 219778?
2, 13, 79, 107
List the prime factors of 580022.
2, 290011
List the prime factors of 1486700.
2, 5, 14867
List the prime factors of 10407.
3, 3469
List the prime factors of 924958.
2, 19, 101, 241
What are the prime factors of 667143?
3, 24709
What are the prime factors of 420380?
2, 5, 21019
List the prime factors of 638853.
3, 61, 3491
What are the prime factors of 2932231?
2932231
What are the prime factors of 150750?
2, 3, 5, 67
What are the prime factors of 2904065?
5, 580813
List the prime factors of 3157.
7, 11, 41
List the prime factors of 357104.
2, 11, 2029
What are the prime factors of 93051?
3, 7, 211
What are the prime factors of 152628?
2, 3, 7, 23, 79
List the prime factors of 43500.
2, 3, 5, 29
What are the prime factors of 522765?
3, 5, 11617
List the prime factors of 17415305.
5, 19, 183319
What are the prime factors of 122621?
17, 7213
What are the prime factors of 7094873?
193, 36761
List the prime factors of 175968.
2, 3, 13, 47
List the prime factors of 31003172.
2, 17, 23, 43, 461
List the prime factors of 2768552.
2, 17, 20357
What are the prime factors of 1823296?
2, 31, 919
List the prime factors of 89387.
89387
What are the prime factors of 6392413?
23, 449, 619
What are the prime factors of 13136?
2, 821
What are the prime factors of 34669614?
2, 3, 7, 825467
What are the prime factors of 625279?
625279
List the prime factors of 2137596.
2, 3, 53, 3361
What are the prime factors of 7066614?
2, 3, 1177769
What are the prime factors of 1644?
2, 3, 137
List the prime factors of 1426063.
1426063
What are the prime factors of 784076?
2, 211, 929
List the prime factors of 357350.
2, 5, 7, 1021
What are the prime factors of 397199?
11, 36109
What are the prime factors of 9709260?
2, 3, 5, 11, 47, 313
List the prime factors of 547360.
2, 5, 11, 311
List the prime factors of 1777973.
1777973
List the prime factors of 12687276.
2, 3, 7, 21577
List the prime factors of 2758519.
2758519
List the prime factors of 1375320.
2, 3, 5, 73, 157
List the prime factors of 19969039.
839, 23801
What are the prime factors of 8592141?
3, 487, 5881
What are the prime factors of 22601467?
7, 3228781
List the prime factors of 85446.
2, 3, 47, 101
List the prime factors of 5410225.
5, 379, 571
What are the prime factors of 18916468?
2, 29, 313, 521
List the prime factors of 27528226.
2, 11, 19, 5987
List the prime factors